git of g?
5
Suppose 0*c + 2406 = 6*c. What is the tens digit of c?
0
Suppose -a = -0*a + 3*o + 12, -5*o - 28 = -a. Let b = -12 - -17. Suppose -33 = -b*q - 0*m + 4*m, 0 = q + a*m + 1. What is the units digit of q?
5
Let h(x) = 4*x**2 - 9*x - 6. What is the tens digit of h(9)?
3
Let y be 0/(-1) - (1 - 1). Suppose -2*b + 3 + 7 = y. What is the units digit of b?
5
Suppose -9*c = -7*c + 4. Suppose 8 = z - 3*z. What is the units digit of 4 + z*(-1)/c?
2
Suppose 4*c - 6 = -3*h - 1, -h + 1 = 2*c. Let m(j) = -2*j - 4 + 0*j**2 + j**2 + h*j. What is the units digit of m(-4)?
8
Let l be 490/18 + (-2)/9. Let m be 8/(-6)*l/(-6). Let g = m - 2. What is the units digit of g?
4
Suppose 4*k = i + 3*k - 4, 2*i + k - 11 = 0. Suppose -4*q = w + 1, -19 + 89 = i*w - 5*q. What is the tens digit of w?
1
Let w(b) = -2*b - 9. Let g(x) = 7*x + 35. Let y(d) = -6*g(d) - 22*w(d). What is the units digit of y(8)?
4
Let r(g) = g**2 + 6*g - 9. Let f be r(-6). What is the tens digit of (-88)/f + (-10)/(-45)?
1
Let a(s) = 57*s + 48. Let o(l) = -7*l - 6. Let r(w) = 4*a(w) + 33*o(w). What is the units digit of r(-8)?
8
Let m = 3 - -13. What is the tens digit of m?
1
Let x = 36 - 95. Let d = -39 - x. What is the tens digit of d?
2
Let n(z) = -z + 11. Suppose 3*g + 2*v - 10 = 0, -8 = -v + 3*v. What is the units digit of n(g)?
5
Suppose 0 = 3*j - 2*a - 192, -4*j + a + 4*a + 263 = 0. What is the tens digit of j?
6
Let y = 129 - 181. Let q = -35 - y. What is the tens digit of q?
1
Suppose 0 = 46*o - 42*o - 272. What is the tens digit of o?
6
Let r be 78/8 - (-7)/28. Suppose -12 + 4 = -4*z. Suppose z*o - 4 - r = 0. What is the units digit of o?
7
Let x = 20 - 14. Suppose x*i = 2*i + 88. What is the units digit of i?
2
Let z = 4 + 4. Suppose 0*q + 4*q - z = 0. What is the units digit of q?
2
Let f = -5 - -8. Let h be (-36)/(-6)*5/(-2). What is the units digit of (f + -1)*h/(-10)?
3
Let z(h) = -2*h**2. Let v be z(-1). Let u be (-4)/v - 14/(-1). Suppose 5*c = -2*t + u - 3, -6 = 2*c - 2*t. What is the units digit of c?
1
Suppose 4*i + 6 = 18. Let v be (-7)/(-2)*(-36)/(-63). Suppose 0 = -i*w - v*q - 4, -w + 16 - 4 = -2*q. What is the units digit of w?
2
Suppose -2*q = 3*p - 25, -4*q + p + 16 = -13. Let x(g) = -g**3 + 7*g**2 + 9*g + 2. What is the tens digit of x(q)?
1
Let i = 3 + -9. Let a = i + 19. What is the tens digit of a?
1
Let k be 4*3/4 + -4. What is the units digit of (-10 + -48)/(-1 + k)?
9
Let x = 31 + 144. What is the hundreds digit of x?
1
Suppose 4*t - 22 = -2*k, 4*t - 4*k - 2 + 10 = 0. Suppose t = -q + 4*q. What is the units digit of q?
1
Suppose 7*u = -3*f + 2*u + 16, 2*f + 5*u - 14 = 0. What is the units digit of 2 + 1 + -3 + f?
2
Let u be (-2191)/(-49) + 4/14. Suppose -g + 4*g - u = 0. What is the units digit of g?
5
Let w be (-12)/(-102) - 66/(-17). Suppose w*h + 9 = 33. What is the units digit of h?
6
Let y(q) = q**2 + 2*q + 2. Let u(k) be the second derivative of k**3/3 - k. Let l be u(-2). What is the tens digit of y(l)?
1
Suppose -3*m = m + 28. What is the units digit of m/(-14) + 23/2?
2
Let b = 42 + 22. What is the units digit of b?
4
Let z(a) be the second derivative of -a**4/12 + 5*a**3/3 - 23*a. Suppose 22 - 57 = -5*x. What is the units digit of z(x)?
1
Suppose 0 = 3*c + 2*j - 9, -2*j = 2*c - 0*j - 4. Suppose 5 + 5 = -c*o. What is the units digit of 3 + (-5)/((-5)/o)?
1
Let i be (1 - 0)/(1 - 0). Let b be 2/(-2) - i*-10. Suppose -b + 49 = 5*s. What is the units digit of s?
8
Suppose 0 = -5*t + 86 + 54. Let l = t - 16. What is the units digit of l?
2
Let l = 35 + -4. What is the units digit of l?
1
Let r(a) = a**2 + 8*a + 3. What is the units digit of r(-8)?
3
Let p be 55 + 2/(-5 - -3). Let l = p - 33. What is the units digit of l?
1
Suppose p = 2*p. Suppose -5*u + p*u = 0. Let g = 2 - u. What is the units digit of g?
2
Let j = 3 - 1. What is the units digit of (-4)/(((-16)/6)/j)?
3
Let c(k) = -k - 7. Let h be c(-7). Let p be 1 + 5/(h - -1). Suppose 4*a = 3*f - 18, f + 2*a - 3*a = p. What is the units digit of f?
6
Let a(r) = 5*r**2 + r + 1. What is the tens digit of a(3)?
4
Suppose 0*c = -10*c + 440. What is the tens digit of c?
4
Let r(v) = 2*v + 7*v**2 + 2*v**2 + 1 + 3*v**2 + 3*v**2. Let m(d) = -d**3 - 3*d**2 + 4*d - 1. Let c be m(-4). What is the tens digit of r(c)?
1
Let d be 2/7 - 4/14. Let j = 22 - 17. Suppose -j*a + 4*n + 35 = -0*a, d = -5*a + 2*n + 45. What is the tens digit of a?
1
Let o(c) = -c**2 - 3*c. Let r be o(-2). Suppose -r*f - 90 = -7*f. What is the units digit of f?
8
Let z(g) be the second derivative of g**5/20 + 2*g**4/3 + 2*g**3/3 + 3*g**2/2 + 2*g. Let v be z(-7). Suppose -3*n + v = -0*n. What is the units digit of n?
8
Let v = -6 + 6. Suppose -4*o - o + 70 = v. What is the tens digit of o?
1
Let q(i) = i**2 + i + 1. Let p(a) = a**2 + 17*a + 2. Let k(r) = p(r) - 2*q(r). What is the units digit of k(14)?
4
Suppose -c - 5*u + 12 = 0, 5*u - 92 - 1 = -4*c. Let h = 4 + c. What is the tens digit of h?
3
Let c be 20/6 + (-2)/(-3). Let l be ((-15)/12)/(1/c). Let r(z) = -z - 4. What is the units digit of r(l)?
1
Let t(j) = j**2 - j + 2. Let w be t(2). Suppose -25 = -i - w*i. What is the units digit of i?
5
Let j(n) = -6*n - 5. Let a be j(-2). Let v = 19 - a. What is the tens digit of v?
1
Suppose u = 2*u - 11. Suppose -u = -o - 3. What is the units digit of o?
8
Let o be -2*(0 + 1)*-1. Let q = 1 + o. Suppose b = 2*b - q. What is the units digit of b?
3
Let j = 6 + -2. Let l = j - 3. What is the units digit of l?
1
Let r(h) = -3*h + 4. Suppose 0 = 5*y + 8 + 17. What is the tens digit of r(y)?
1
Suppose 0*t = -2*l - 4*t + 224, 0 = -3*l - 3*t + 342. What is the hundreds digit of l?
1
Let f(h) = -h**3 - 2*h**2 - h - 1. Let u be f(-3). Suppose -3*t - 10 = u. Let g = t + 19. What is the units digit of g?
2
Suppose 4*w + k - 75 = 3*w, 305 = 4*w + 5*k. What is the units digit of w?
0
Let j(x) = -5*x + 46. What is the tens digit of j(-30)?
9
Suppose -33 = -r + 5*o, 0*r - 3*r = -2*o - 34. What is the units digit of r?
8
Suppose -5*p - 3*u + 2 + 0 = 0, -2*p - 4*u + 12 = 0. Suppose -o + 6*o + k + 522 = 0, 5*k = 3*o + 330. What is the units digit of p/((-7)/(o/(-6)))?
5
Let s(m) = m**3 + 4*m**2 - 5*m + 3. Let o be s(-5). Suppose z = -4*p + 63, 2*z = -o*p + 6*z + 33. What is the tens digit of p?
1
Suppose -60 = -2*p + 2*c, 0*p - 57 = -2*p - c. What is the units digit of p?
9
Let w = -10 + 19. Suppose 0 = 3*y - 5*z + w, 7 = 6*y - 4*y + z. What is the units digit of y?
2
Suppose 125 = -2*s + 3*s. What is the hundreds digit of s?
1
Let y be ((-4)/3)/(3/(-9)). Let i = y - 2. What is the units digit of 1/i - 1/(-2)?
1
Let u(b) = b**3 + 10*b**2 + 4*b - 7. What is the units digit of u(-9)?
8
Suppose 795 = 8*c + 315. What is the tens digit of c?
6
Let l(k) = 2*k**2 + 3*k + 7. What is the units digit of l(-5)?
2
What is the units digit of 14/(-3)*(-3 + -3)?
8
Suppose 0 = -2*m + 40 + 8. What is the tens digit of m?
2
Let a(q) = 32*q**2 + 2*q + 3. What is the units digit of a(-1)?
3
Let p = 3 - 1. Suppose 2*n = p*o - 24, -n = o + 3*o - 43. What is the units digit of o?
1
What is the tens digit of (-11 - -29) + -1 + 0?
1
Let l = -17 + 32. What is the units digit of l?
5
Let a = -3 - -9. Suppose -n = 2*n - a. Let z = n - -6. What is the units digit of z?
8
Let i(w) = w**2 - w - 1. Let c(x) = -3*x**2 - 5*x + 10. Let u(p) = -c(p) - 2*i(p). What is the units digit of u(-9)?
0
Suppose 5*m = -3*r + 441, -r - 2*m + 754 = 4*r. What is the hundreds digit of r?
1
Suppose -3*d - 4*v - 30 = 0, -3*d + 5*d - 4*v = 0. Let z = d + 8. Suppose q - 4 = z. What is the units digit of q?
6
Suppose 0 = -0*o + 6*o - 96. What is the units digit of o?
6
Suppose 0*v + 4*v = 8. Suppose v*f + s = 14, 2*s + 2 = f - 0. What is the units digit of f?
6
Let h = 79 + -8. Suppose 4*k = -2*p + 53 + 13, 4*k + 3*p - h = 0. What is the tens digit of k?
1
Suppose n - 3*s - 161 = -43, -2*s - 629 = -5*n. What is the tens digit of n?
2
Let d(c) = c**3 - 6*c**2 + 6*c - 3. Let x be d(5). Suppose -2*r - 5*g = x*r - 21, 15 = 4*r - g. What is the units digit of r?
4
Let d = -16 - -28. What is the tens digit of d?
1
Let n(z) = 2*z. Suppose 0 = -2*m + 11 + 5. What is the tens digit of n(m)?
1
Let o(h) be the second derivative of -3*h**3/2 - 5*h**2/2 - 3*h. Let u be o(-6). Let d = u + -29. What is the units digit of d?
0
Le